units digit of 2565?
5
What is the units digit of 32145?
5
What is the tens digit of 9084?
8
What is the tens digit of 5961?
6
What is the hundreds digit of 3071?
0
What is the tens digit of 1088?
8
What is the thousands digit of 36068?
6
What is the hundreds digit of 673?
6
What is the ten thousands digit of 10936?
1
What is the tens digit of 1161?
6
What is the hundreds digit of 430?
4
What is the thousands digit of 1222?
1
What is the tens digit of 25875?
7
What is the hundreds digit of 5863?
8
What is the thousands digit of 50856?
0
What is the hundreds digit of 3681?
6
What is the thousands digit of 2647?
2
What is the hundreds digit of 1066?
0
What is the thousands digit of 3920?
3
What is the tens digit of 22305?
0
What is the tens digit of 37?
3
What is the units digit of 112890?
0
What is the tens digit of 631?
3
What is the tens digit of 76325?
2
What is the units digit of 859?
9
What is the hundreds digit of 10595?
5
What is the tens digit of 17713?
1
What is the hundreds digit of 20338?
3
What is the tens digit of 9884?
8
What is the tens digit of 139?
3
What is the thousands digit of 7352?
7
What is the units digit of 152?
2
What is the units digit of 1415?
5
What is the units digit of 4930?
0
What is the units digit of 4786?
6
What is the tens digit of 29575?
7
What is the tens digit of 161?
6
What is the tens digit of 71?
7
What is the hundreds digit of 7135?
1
What is the hundreds digit of 1668?
6
What is the hundreds digit of 16196?
1
What is the units digit of 7137?
7
What is the tens digit of 2110?
1
What is the ten thousands digit of 87681?
8
What is the thousands digit of 9030?
9
What is the units digit of 1066?
6
What is the units digit of 7044?
4
What is the tens digit of 60?
6
What is the thousands digit of 1058?
1
What is the units digit of 756?
6
What is the units digit of 1160?
0
What is the thousands digit of 13086?
3
What is the ten thousands digit of 29126?
2
What is the hundreds digit of 3496?
4
What is the hundreds digit of 6773?
7
What is the hundreds digit of 437?
4
What is the thousands digit of 183611?
3
What is the units digit of 1273?
3
What is the thousands digit of 6853?
6
What is the hundreds digit of 1610?
6
What is the hundreds digit of 1664?
6
What is the units digit of 638?
8
What is the tens digit of 796?
9
What is the hundreds digit of 2666?
6
What is the hundred thousands digit of 154703?
1
What is the units digit of 1393?
3
What is the thousands digit of 24895?
4
What is the units digit of 5172?
2
What is the units digit of 39641?
1
What is the thousands digit of 52353?
2
What is the ten thousands digit of 11102?
1
What is the units digit of 6616?
6
What is the ten thousands digit of 23269?
2
What is the hundreds digit of 4164?
1
What is the units digit of 66205?
5
What is the thousands digit of 65797?
5
What is the ten thousands digit of 16632?
1
What is the thousands digit of 3520?
3
What is the units digit of 241?
1
What is the tens digit of 261?
6
What is the hundreds digit of 53268?
2
What is the units digit of 52?
2
What is the thousands digit of 34903?
4
What is the thousands digit of 23566?
3
What is the units digit of 9467?
7
What is the thousands digit of 4824?
4
What is the tens digit of 10845?
4
What is the hundreds digit of 2690?
6
What is the ten thousands digit of 36055?
3
What is the tens digit of 5232?
3
What is the units digit of 17916?
6
What is the hundreds digit of 14518?
5
What is the ten thousands digit of 32151?
3
What is the tens digit of 1948?
4
What is the hundreds digit of 1656?
6
What is the thousands digit of 10578?
0
What is the hundreds digit of 156?
1
What is the tens digit of 3764?
6
What is the hundreds digit of 36137?
1
What is the units digit of 38268?
8
What is the units digit of 348?
8
What is the units digit of 5225?
5
What is the units digit of 3815?
5
What is the hundreds digit of 5431?
4
What is the units digit of 6714?
4
What is the units digit of 93430?
0
What is the units digit of 1441?
1
What is the hundreds digit of 246?
2
What is the hundreds digit of 4858?
8
What is the thousands digit of 4259?
4
What is the units digit of 12921?
1
What is the thousands digit of 28385?
8
What is the thousands digit of 40028?
0
What is the hundreds digit of 957?
9
What is the units digit of 3184?
4
What is the thousands digit of 40125?
0
What is the thousands digit of 89687?
9
What is the hundreds digit of 6055?
0
What is the tens digit of 642?
4
What is the hundreds digit of 4723?
7
What is the units digit of 648?
8
What is the tens digit of 1506?
0
What is the hundreds digit of 359?
3
What is the hundreds digit of 2022?
0
What is the tens digit of 2231?
3
What is the thousands digit of 6422?
6
What is the units digit of 38545?
5
What is the thousands digit of 3521?
3
What is the tens digit of 5086?
8
What is the tens digit of 49959?
5
What is the units digit of 456?
6
What is the thousands digit of 7689?
7
What is the tens digit of 9216?
1
What is the thousands digit of 2177?
2
What is the hundreds digit of 1046?
0
What is the thousands digit of 2972?
2
What is the thousands digit of 114071?
4
What is the thousands digit of 165638?
5
What is the units digit of 9389?
9
What is the tens digit of 647?
4
What is the tens digit of 6127?
2
What is the hundreds digit of 18033?
0
What is the tens digit of 45596?
9
What is the tens digit of 15624?
2
What is the thousands digit of 2275?
2
What is the tens digit of 49826?
2
What is the thousands digit of 181848?
1
What is the ten thousands digit of 32138?
3
What is the tens digit of 667?
6
What is the units digit of 3748?
8
What is the hundreds digit of 55491?
4
What is the tens digit of 13060?
6
What is the hundreds digit of 290?
2
What is the tens digit of 485?
8
What is the units digit of 186?
6
What is the units digit of 2461?
1
What is the units digit of 4401?
1
What is the thousands digit of 1478?
1
What is the hundreds digit of 458?
4
What is the units digit of 10486?
6
What is the hundreds digit of 1591?
5
What is the units digit of 6170?
0
What is the tens digit of 418?
1
What is the units digit of 4620?
0
What is the hundreds digit of 164?
1
What is the ten thousands digit of 86798?
8
What is the tens digit of 2522?
2
What is the thousands digit of 57795?
7
What is the hundreds digit of 13963?
9
What is the units digit of 7655?
5
What is the units digit of 75944?
4
What is the thousands digit of 18675?
8
What is the units digit of 451?
1
What is the thousands digit of 1432?
1
What is the units digit of 13350?
0
What is the thousands digit of 3656?
3
What is the units digit of 49539?
9
What is the tens digit of 22778?
7
What is the tens digit of 4257?
5
What is the tens digit of 21471?
7
What is the thousands digit of 1828?
1
What is the hundreds digit of 648?
6
What is the hundreds digit of 2259?
2
What is the tens digit of 17186?
8
What is the tens digit of 694?
9
What is the thousands digit of 8372?
8
What is the tens digit of 1308?
0
What is the thousands digit of 2168?
2
What is the units digit of 2126?
6
What is the thousands digit of 38112?
8
What is the thousands digit of 1754?
1
What is the hundreds digit of 451?
4
What is the units digit of 5072?
2
What is the tens digit of 818?
1
What is the units digit of 2377?
7
What is the units digit of 733?
3
What is the units digit of 4795?
5
What is the units digit of 20580?
0
What is the thousands digit of 3211?
3
What is the tens digit of 5385?
8
What is the units digit of 6893?
3
What is the thousands digit of 4850?
4
What is the hundreds digit of 40909?
9
What is the units digit of 3089?
9
What is the thousands digit of 5365?
5
What is the hundreds digit of 2736?
7
What is the tens digit of 51049?
4
What is the hundreds digit of 44972?
9
What is the hundreds digit of 2255?
2
What is the tens digit of 2690?
9
What is the thousands digit of 18859?
8
What is the tens digit of 5682?
8
What is the tens digit of 6239?
3
What is the tens digit of 68015?
1
What is the thousands digit of 3829?
3
What is the hundreds digit of 31744?
7
What is the units digit of 27135?
5
What is the tens digit of 11151?
5
What is the tens digit of 30267?
6
What is the hundreds digit of 6292?
2
What is the tens digit of 4374?
7
What is the hundreds digit of 9320?
3
What is the units